Convert 8 (base 13) to base 9.
8
Convert 3 (base 8) to base 2.
11
What is -44 (base 6) in base 7?
-40
-4 (base 16) to base 3
-11
11 (base 15) to base 9
17
Convert 3311 (base 4) to base 12.
185
-50 (base 10) to base 11
-46
-2 (base 3) to base 10
-2
-2031 (base 4) to base 14
-a1
-2 (base 6) to base 4
-2
5 (base 10) to base 4
11
What is 87 (base 14) in base 9?
142
What is -9e (base 16) in base 6?
-422
-1 (base 5) to base 12
-1
10 (base 12) to base 14
c
Convert 175 (base 10) to base 16.
af
-1111 (base 2) to base 5
-30
What is 4 (base 12) in base 3?
11
-4 (base 12) to base 11
-4
Convert 1 (base 9) to base 12.
1
-135 (base 13) to base 8
-325
Convert 1131 (base 4) to base 2.
1011101
-1103 (base 4) to base 10
-83
Convert -39 (base 14) to base 8.
-63
-3 (base 16) to base 7
-3
0 (base 11) to base 13
0
-4a (base 13) to base 9
-68
What is -b (base 14) in base 7?
-14
Convert 1012 (base 5) to base 7.
246
What is 44 (base 5) in base 15?
19
Convert -11 (base 3) to base 12.
-4
What is 133 (base 6) in base 7?
111
Convert 0 (base 3) to base 7.
0
1031 (base 4) to base 6
205
What is -2 (base 3) in base 5?
-2
What is -124 (base 5) in base 7?
-54
Convert 0 (base 15) to base 13.
0
Convert -4 (base 13) to base 7.
-4
-1 (base 6) to base 13
-1
-4 (base 9) to base 4
-10
-68 (base 10) to base 4
-1010
Convert 13 (base 11) to base 6.
22
What is -49 (base 13) in base 5?
-221
332 (base 7) to base 3
20022
Convert -3 (base 13) to base 7.
-3
-1101 (base 6) to base 9
-311
23 (base 8) to base 13
16
Convert -421 (base 5) to base 13.
-87
What is -1 (base 11) in base 13?
-1
201 (base 3) to base 9
21
140 (base 6) to base 13
48
What is -27 (base 13) in base 6?
-53
What is 2 (base 14) in base 9?
2
2 (base 11) to base 14
2
6 (base 8) to base 15
6
3 (base 15) to base 11
3
68 (base 16) to base 8
150
Convert 28 (base 9) to base 8.
32
Convert -b (base 12) to base 2.
-1011
What is -6 (base 11) in base 6?
-10
Convert 19 (base 12) to base 4.
111
Convert -2a (base 13) to base 14.
-28
What is 10 (base 2) in base 9?
2
What is 18 (base 15) in base 4?
113
What is 1023 (base 4) in base 14?
55
Convert 3 (base 16) to base 13.
3
Convert 13 (base 7) to base 2.
1010
-1 (base 4) to base 13
-1
What is 2 (base 11) in base 13?
2
What is 8 (base 9) in base 8?
10
What is 2 (base 10) in base 13?
2
Convert 0 (base 6) to base 5.
0
Convert 3 (base 16) to base 2.
11
What is 169 (base 10) in base 5?
1134
What is 2 (base 9) in base 6?
2
What is 40 (base 5) in base 16?
14
What is -13 (base 6) in base 7?
-12
Convert -2b (base 16) to base 15.
-2d
What is -2 (base 15) in base 14?
-2
-5 (base 13) to base 9
-5
What is 24 (base 5) in base 12?
12
What is -102 (base 4) in base 9?
-20
Convert -11b (base 14) to base 6.
-1005
Convert 113 (base 5) to base 9.
36
What is 22 (base 7) in base 10?
16
What is 12 (base 12) in base 2?
1110
What is 110110 (base 2) in base 12?
46
Convert -2 (base 12) to base 11.
-2
-44 (base 13) to base 8
-70
Convert 2 (base 14) to base 12.
2
-1 (base 10) to base 8
-1
What is -1 (base 2) in base 3?
-1
Convert 23 (base 16) to base 14.
27
Convert 0 (base 11) to base 14.
0
Convert 78 (base 14) to base 4.
1222
What is -2 (base 16) in base 14?
-2
What is -12 (base 7) in base 5?
-14
Convert -10 (base 15) to base 16.
-f
Convert 1 (base 10) to base 2.
1
What is e (base 16) in base 8?
16
What is 9 (base 10) in base 12?
9
Convert 29 (base 13) to base 16.
23
12 (base 4) to base 10
6
9 (base 13) to base 10
9
Convert -a (base 11) to base 10.
-10
Convert 115 (base 12) to base 10.
161
Convert -450 (base 8) to base 3.
-101222
Convert 242 (base 6) to base 12.
82
What is -35 (base 7) in base 5?
-101
What is 131 (base 4) in base 14?
21
90 (base 14) to base 2
1111110
Convert 18 (base 13) to base 11.
1a
-133 (base 4) to base 7
-43
What is 76 (base 8) in base 7?
116
What is -12 (base 3) in base 12?
-5
Convert 13 (base 8) to base 12.
b
Convert 16 (base 12) to base 8.
22
3 (base 10) to base 15
3
What is -1100 (base 5) in base 3?
-12120
Convert -3 (base 15) to base 6.
-3
Convert -90 (base 12) to base 2.
-1101100
What is 3 (base 10) in base 9?
3
15 (base 6) to base 5
21
Convert -6 (base 15) to base 9.
-6
What is -10 (base 9) in base 7?
-12
What is -6 (base 12) in base 3?
-20
-2 (base 11) to base 2
-10
What is -2 (base 3) in base 14?
-2
What is -38 (base 11) in base 4?
-221
What is -4 (base 11) in base 15?
-4
Convert 43 (base 13) to base 5.
210
What is 0 (base 8) in base 4?
0
What is -37 (base 11) in base 3?
-1111
Convert -3 (base 12) to base 2.
-11
Convert 4d (base 15) to base 3.
2201
10 (base 5) to base 8
5
0 (base 12) to base 3
0
1 (base 10) to base 2
1
Convert 6b (base 16) to base 13.
83
What is -1114 (base 6) in base 7?
-523
What is 2 (base 3) in base 4?
2
What is 33 (base 8) in base 4?
123
What is 4 (base 14) in base 5?
4
What is 1221 (base 3) in base 6?
124
0 (base 6) to base 5
0
-411 (base 5) to base 10
-106
Convert 8 (base 15) to base 14.
8
What is -49 (base 12) in base 6?
-133
What is -24 (base 7) in base 4?
-102
What is 1000110 (base 2) in base 11?
64
What is 72 (base 11) in base 9?
87
What is 4 (base 11) in base 4?
10
What is -24 (base 9) in base 7?
-31
-100 (base 2) to base 15
-4
24 (base 11) to base 2
11010
What is 40 (base 13) in base 4?
310
What is -4 (base 12) in base 14?
-4
1110000 (base 2) to base 16
70
Convert -33 (base 5) to base 8.
-22
Convert -1 (base 13) to base 9.
-1
What is 4 (base 15) in base 14?
4
-4 (base 8) to base 5
-4
Convert 13 (base 14) to base 15.
12
15 (base 14) to base 2
10011
e (base 15) to base 3
112
1 (base 8) to base 15
1
-4 (base 8) to base 10
-4
-21212 (base 3) to base 14
-112
Convert -28 (base 12) to base 8.
-40
3 (base 15) to base 11
3
2 (base 13) to base 7
2
Convert -7 (base 9) to base 15.
-7
-14 (base 12) to base 3
-121
Convert -21 (base 12) to base 4.
-121
Convert -124 (base 5) to base 16.
-27
ac (base 14) to base 8
230
What is -34 (base 5) in base 10?
-19
Convert 0 (base 7) to base 9.
0
Convert 25 (base 11) to base 4.
123
What is -6 (base 11) in base 15?
-6
64 (base 12) to base 6
204
Convert 33 (base 9) to base 11.
28
What is -132 (base 4) in base 5?
-110
1 (base 8) to base 10
1
Convert 1 (base 2) to base 11.
1
What is -7 (base 13) in base 14?
-7
10011 (base 2) to base 16
13
What is -8 (base 16) in base 13?
-8
What is -12 (base 5) in base 16?
-7
Convert 3c (base 13) to base 11.
47
Convert 2001 (base 3) to base 11.
50
-53 (base 7) to base 6
-102
Convert 31 (base 7) to base 3.
211
Convert 0 (base 9) to base 6.
0
1 (base 16) to base 10
1
What is 1 (base 14) in base 13?
1
Convert -67 (base 9) to base 12.
-51
Convert 0 (base 9) to base 4.
0
What is -86 (base 15) in base 4?
-1332
100010 (base 2) to base 15
24
-36 (base 7) to base 9
-30
Convert -131 (base 7) to base 13.
-56
Convert -40 (base 10) to base 2.
-101000
-6 (base 15) to base 5
-11
What is -33 (base 7) in base 5?
-44
Convert -b (base 16) to base 3.
-102
What is 232 (base 4) in base 8?
56
Convert -1100100 (base 2) to base 15.
-6a
Convert -20 (base 8) to base 11.
-15
What is 0 (base 16) in base 4?
0
What is 1 (base 4) in base 5?
1
-15a (base 11) to base 16
-ba
Convert 210 (base 4) to base 8.
44
-b (base 13) to base 15
-b
Convert 21 (base 3) to base 16.
7
Convert -22 (base 3) to base 10.
-8
Convert 2 (base 3) to base 6.
2
Convert 13 (base 5) to base 8.
10
-2a (base 16) to base 8
-52
What is -11100000 (base 2) in base 10?
-224
Convert 34 (base 13) to base 10.
43
-3 (base 6) to base 4
-3
What is -138 (base 16) in base 12?
-220
What is -7c (base 13) in base 11?
-94
Convert 155 (base 7) to base 6.
225
1b (base 14) to base 2
11001
What is 29 (base 15) in base 11?
36
120 (base 3) to base 5
30
Convert 24 (base 10) to base 2.
11000
Convert 2 (base 8) to base 2.
10
Convert -4 (base 15) to base 9.
-4
What is -4 (base 13) in base 14?
-4
-7 (base 8) to base 16
-7
What is -3 (base 10) in base 4?
-3
4 (base 9) to base 3
11
What is 10001 (base 2) in base 9?
18
What is 2 (base 6) in base 11?
2
0 (base 8) to base 11
0
What is 7 (base 11) in base 6?
11
Convert 83 (base 14) to base 5.
430
What is 331 (base 5) in base 12?
77
-9 (base 11) to base 2
-1001
What is -31 (base 9) in base 10?
-28
Convert -2 (base 6) to base 2.
-10
What is 2 (base 3) in base 14?
2
Convert 1a (base 13) to base 3.
212
11 (base 16) to base 14
13
-145 (base 6) to base 11
-5a
Conv